{"id":9,"date":"2025-04-17T11:59:14","date_gmt":"2025-04-17T09:59:14","guid":{"rendered":"https:\/\/atelierduchatorange.com\/?page_id=9"},"modified":"2025-05-19T21:34:47","modified_gmt":"2025-05-19T19:34:47","slug":"about","status":"publish","type":"page","link":"https:\/\/atelierduchatorange.com\/index.php\/about\/","title":{"rendered":"A propos"},"content":{"rendered":"<p>[et_pb_section fb_built=&#8221;1&#8243; admin_label=&#8221;Header&#8221; _builder_version=&#8221;4.27.4&#8243; _module_preset=&#8221;default&#8221; locked=&#8221;off&#8221; collapsed=&#8221;on&#8221; global_colors_info=&#8221;{}&#8221;][et_pb_row column_structure=&#8221;1_2,1_2&#8243; _builder_version=&#8221;4.27.4&#8243; _module_preset=&#8221;default&#8221; global_colors_info=&#8221;{}&#8221;][et_pb_column type=&#8221;1_2&#8243; _builder_version=&#8221;4.27.4&#8243; _module_preset=&#8221;default&#8221; custom_padding=&#8221;|6%|||false|false&#8221; custom_padding_tablet=&#8221;|0%|||false|false&#8221; custom_padding_phone=&#8221;|0%|||false|false&#8221; custom_padding_last_edited=&#8221;on|tablet&#8221; global_colors_info=&#8221;{}&#8221;][et_pb_heading title=&#8221;D\u00c9CORS PEINTS EN SA\u00d4NE ET LOIRE&#8221; _builder_version=&#8221;4.27.4&#8243; _module_preset=&#8221;180c3bfd-b181-49d1-9baa-7fabb92e9fb2&#8243; hover_enabled=&#8221;0&#8243; global_colors_info=&#8221;{}&#8221; sticky_enabled=&#8221;0&#8243;][\/et_pb_heading][et_pb_heading title=&#8221;Nous intervenons en priorit\u00e9 en Sud Bourgogne et Nord Rh\u00f4ne Alpes&#8221; _builder_version=&#8221;4.27.4&#8243; _module_preset=&#8221;1244ccd0-a81e-409c-81db-a0c838736b71&#8243; hover_enabled=&#8221;0&#8243; global_colors_info=&#8221;{}&#8221; sticky_enabled=&#8221;0&#8243;][\/et_pb_heading][et_pb_text _builder_version=&#8221;4.27.4&#8243; _module_preset=&#8221;ee74b8a3-2d3d-4e93-90db-19dcb70dc186&#8243; hover_enabled=&#8221;0&#8243; global_colors_info=&#8221;{}&#8221; sticky_enabled=&#8221;0&#8243;]Nous travaillons r\u00e9guli\u00e8rement dans les territoires du Clunisois, M\u00e2connais, Charolais, Tournugeois, Chalonnais, Beaujolais et en Bresse.<br \/>\nSelon la nature des projets et la pertinence des collaborations, nous nous d\u00e9pla\u00e7ons dans la France enti\u00e8re et \u00e0 l&#8217;international (Suisse, Italie, \u00c9tats-Unis, Japon &#8230;).[\/et_pb_text][et_pb_image src=&#8221;https:\/\/atelierduchatorange.com\/wp-content\/uploads\/2025\/04\/patine.png&#8221; title_text=&#8221;patine&#8221; _builder_version=&#8221;4.27.4&#8243; _module_preset=&#8221;7dcdc18a-ca90-4329-8a26-e24e38510dd4&#8243; scroll_vertical_motion=&#8221;0|50|50|100|15|0|-4&#8243; scroll_fade_enable=&#8221;on&#8221; scroll_fade=&#8221;0|50|50|100|50%|100|100&#8243; scroll_blur=&#8221;0|40|60|100|10px|0px|0px&#8221; motion_trigger_start=&#8221;top&#8221; global_colors_info=&#8221;{}&#8221;][\/et_pb_image][\/et_pb_column][et_pb_column type=&#8221;1_2&#8243; _builder_version=&#8221;4.27.4&#8243; _module_preset=&#8221;default&#8221; global_colors_info=&#8221;{}&#8221;][et_pb_image src=&#8221;https:\/\/atelierduchatorange.com\/wp-content\/uploads\/2025\/04\/interior_design_elements_03.png&#8221; title_text=&#8221;interior_design_elements_03&#8243; _builder_version=&#8221;4.27.4&#8243; _module_preset=&#8221;default&#8221; horizontal_offset=&#8221;10px&#8221; z_index=&#8221;20&#8243; width=&#8221;130px&#8221; height=&#8221;130px&#8221; custom_margin=&#8221;||-130px||false|false&#8221; locked=&#8221;off&#8221; global_colors_info=&#8221;{}&#8221;][\/et_pb_image][et_pb_image src=&#8221;https:\/\/atelierduchatorange.com\/wp-content\/uploads\/2025\/04\/logo.png&#8221; alt=&#8221;Atelier Du Chat Orange&#8221; title_text=&#8221;logo&#8221; _builder_version=&#8221;4.27.4&#8243; _module_preset=&#8221;7dcdc18a-ca90-4329-8a26-e24e38510dd4&#8243; animation_style=&#8221;zoom&#8221; animation_duration=&#8221;5000ms&#8221; animation_intensity_zoom=&#8221;5%&#8221; animation_starting_opacity=&#8221;90%&#8221; animation_speed_curve=&#8221;ease&#8221; global_colors_info=&#8221;{}&#8221;][\/et_pb_image][et_pb_heading title=&#8221;Qui sommes-nous?&#8221; _builder_version=&#8221;4.27.4&#8243; _module_preset=&#8221;180c3bfd-b181-49d1-9baa-7fabb92e9fb2&#8243; hover_enabled=&#8221;0&#8243; locked=&#8221;off&#8221; global_colors_info=&#8221;{}&#8221; sticky_enabled=&#8221;0&#8243;][\/et_pb_heading][et_pb_text _builder_version=&#8221;4.27.4&#8243; _module_preset=&#8221;ee74b8a3-2d3d-4e93-90db-19dcb70dc186&#8243; hover_enabled=&#8221;0&#8243; locked=&#8221;off&#8221; global_colors_info=&#8221;{}&#8221; sticky_enabled=&#8221;0&#8243;]Laura Doll\u00e9 Bertossa et Thierry Bertossa sont les cofondateurs de l\u2019atelier.<br \/>\nNous sommes partenaires dans la vie et au travail.<br \/>\nEn 2015, nous avons cr\u00e9\u00e9 L\u2019Atelier du Chat Orange, une entreprise artisanale familiale avec l\u2019id\u00e9e d\u2019apporter des solutions innovantes et cr\u00e9atives pour des projets de d\u00e9cors.<br \/>\nDepuis, nous travaillons au service des prescripteurs, des particuliers et des professionnels sur des ouvrages de qualit\u00e9s techniques, esth\u00e9tiques et \u00e9cologiques. Notre entreprise est sp\u00e9cialis\u00e9e dans la r\u00e9novation du b\u00e2ti ancien, la restauration du patrimoine et la d\u00e9coration.<br \/>\nL\u2019Atelier du Chat Orange fait partie de la Soci\u00e9t\u00e9 Coop\u00e9rative Cabestan bas\u00e9e \u00e0 Grenoble. Cette SCOP a \u00e9t\u00e9 cr\u00e9\u00e9e en 2003 et rassemble aujourd\u2019hui 270 entrepreneurs sp\u00e9cialis\u00e9s dans le b\u00e2timent comp\u00e9tents et engag\u00e9s dans l\u2019\u00e9co construction et r\u00e9novation.[\/et_pb_text][\/et_pb_column][\/et_pb_row][\/et_pb_section][et_pb_section fb_built=&#8221;1&#8243; admin_label=&#8221;Image&#8221; _builder_version=&#8221;4.27.4&#8243; _module_preset=&#8221;8c80adff-efe3-430c-af87-6d59bed536ba&#8221; collapsed=&#8221;on&#8221; global_colors_info=&#8221;{}&#8221;][et_pb_row _builder_version=&#8221;4.27.4&#8243; _module_preset=&#8221;default&#8221; global_colors_info=&#8221;{}&#8221;][et_pb_column type=&#8221;4_4&#8243; _builder_version=&#8221;4.27.4&#8243; _module_preset=&#8221;default&#8221; global_colors_info=&#8221;{}&#8221;][et_pb_image src=&#8221;https:\/\/atelierduchatorange.com\/wp-content\/uploads\/2025\/04\/sgraffito.png&#8221; title_text=&#8221;sgraffito&#8221; _builder_version=&#8221;4.27.4&#8243; _module_preset=&#8221;7dcdc18a-ca90-4329-8a26-e24e38510dd4&#8243; scroll_vertical_motion=&#8221;0|34|34|100|4|0|-4&#8243; scroll_fade_enable=&#8221;on&#8221; motion_trigger_start=&#8221;top&#8221; global_colors_info=&#8221;{}&#8221;][\/et_pb_image][\/et_pb_column][\/et_pb_row][\/et_pb_section][et_pb_section fb_built=&#8221;1&#8243; admin_label=&#8221;Team&#8221; _builder_version=&#8221;4.27.4&#8243; _module_preset=&#8221;8c80adff-efe3-430c-af87-6d59bed536ba&#8221; collapsed=&#8221;on&#8221; global_colors_info=&#8221;{}&#8221;][et_pb_row column_structure=&#8221;1_2,1_2&#8243; _builder_version=&#8221;4.27.4&#8243; _module_preset=&#8221;default&#8221; max_width=&#8221;900px&#8221; global_colors_info=&#8221;{}&#8221;][et_pb_column type=&#8221;1_2&#8243; _builder_version=&#8221;4.27.4&#8243; _module_preset=&#8221;default&#8221; custom_padding=&#8221;60px||||false|false&#8221; custom_padding_tablet=&#8221;0px||||false|false&#8221; custom_padding_phone=&#8221;0px||||false|false&#8221; custom_padding_last_edited=&#8221;on|tablet&#8221; global_colors_info=&#8221;{}&#8221;][et_pb_heading title=&#8221;Laura Bertossa&#8221; _builder_version=&#8221;4.27.4&#8243; _module_preset=&#8221;default&#8221; custom_margin=&#8221;||10px||false|false&#8221; global_colors_info=&#8221;{}&#8221;][\/et_pb_heading][et_pb_heading title=&#8221;Peintre en d\u00e9cor, mati\u00e9riste coloriste&#8221; _builder_version=&#8221;4.27.4&#8243; _module_preset=&#8221;1244ccd0-a81e-409c-81db-a0c838736b71&#8243; hover_enabled=&#8221;0&#8243; global_colors_info=&#8221;{}&#8221; sticky_enabled=&#8221;0&#8243;][\/et_pb_heading][et_pb_text _builder_version=&#8221;4.27.4&#8243; _module_preset=&#8221;default&#8221; hover_enabled=&#8221;0&#8243; global_colors_info=&#8221;{}&#8221; sticky_enabled=&#8221;0&#8243;]J\u2019ai \u00e9t\u00e9 dipl\u00f4m\u00e9e de l\u2019\u00c9cole europ\u00e9enne de l\u2019Art et des Mati\u00e8res d\u2019Albi en 2009, l\u2019\u00c9cole d\u2019Avignon en 2011.<br \/>\nJ\u2019ai d\u00e9velopp\u00e9 une approche sensible et cr\u00e9ative de l\u2019am\u00e9nagement int\u00e9rieur. Les ambiances color\u00e9es, la structuration de l\u2019espace par le motif et la recherche de confort thermique et acoustique guident mes r\u00e9alisations. Je cultive aussi un int\u00e9r\u00eat pour l\u2019art et les cultures du monde. Gr\u00e2ce \u00e0 quinze ann\u00e9es d\u2019exp\u00e9rience, j\u2019aborde d\u00e9sormais le d\u00e9cor et la r\u00e9novation du b\u00e2ti ancien en m\u00ealant les techniques traditionnelles et les esth\u00e9tiques contemporaines.[\/et_pb_text][\/et_pb_column][et_pb_column type=&#8221;1_2&#8243; _builder_version=&#8221;4.27.4&#8243; _module_preset=&#8221;default&#8221; global_colors_info=&#8221;{}&#8221;][et_pb_image src=&#8221;https:\/\/atelierduchatorange.com\/wp-content\/uploads\/2025\/04\/LauraBertossa.png&#8221; title_text=&#8221;LauraBertossa&#8221; _builder_version=&#8221;4.27.4&#8243; _module_preset=&#8221;7dcdc18a-ca90-4329-8a26-e24e38510dd4&#8243; scroll_scaling_enable=&#8221;on&#8221; scroll_scaling=&#8221;0|50|50|100|90%|100|100&#8243; motion_trigger_start=&#8221;top&#8221; global_colors_info=&#8221;{}&#8221;][\/et_pb_image][\/et_pb_column][\/et_pb_row][et_pb_row column_structure=&#8221;1_2,1_2&#8243; _builder_version=&#8221;4.27.4&#8243; _module_preset=&#8221;default&#8221; max_width=&#8221;900px&#8221; global_colors_info=&#8221;{}&#8221;][et_pb_column type=&#8221;1_2&#8243; _builder_version=&#8221;4.27.4&#8243; _module_preset=&#8221;default&#8221; global_colors_info=&#8221;{}&#8221;][et_pb_image src=&#8221;https:\/\/atelierduchatorange.com\/wp-content\/uploads\/2025\/04\/ThierryBertossa.png&#8221; title_text=&#8221;ThierryBertossa&#8221; _builder_version=&#8221;4.27.4&#8243; _module_preset=&#8221;7dcdc18a-ca90-4329-8a26-e24e38510dd4&#8243; scroll_scaling_enable=&#8221;on&#8221; scroll_scaling=&#8221;0|50|50|100|90%|100|100&#8243; motion_trigger_start=&#8221;top&#8221; global_colors_info=&#8221;{}&#8221;][\/et_pb_image][\/et_pb_column][et_pb_column type=&#8221;1_2&#8243; _builder_version=&#8221;4.27.4&#8243; _module_preset=&#8221;default&#8221; custom_padding=&#8221;60px||||false|false&#8221; custom_padding_tablet=&#8221;0px||||false|false&#8221; custom_padding_phone=&#8221;0px||||false|false&#8221; custom_padding_last_edited=&#8221;on|tablet&#8221; global_colors_info=&#8221;{}&#8221;][et_pb_heading title=&#8221;Thierry Bertossa&#8221; _builder_version=&#8221;4.27.4&#8243; _module_preset=&#8221;default&#8221; custom_margin=&#8221;||10px||false|false&#8221; global_colors_info=&#8221;{}&#8221;][\/et_pb_heading][et_pb_heading title=&#8221;Peintre en d\u00e9cor, ma\u00e7on sp\u00e9cialis\u00e9 dans les technique chaux  chanvre et argile &#8221; _builder_version=&#8221;4.27.4&#8243; _module_preset=&#8221;1244ccd0-a81e-409c-81db-a0c838736b71&#8243; hover_enabled=&#8221;0&#8243; global_colors_info=&#8221;{}&#8221; sticky_enabled=&#8221;0&#8243;][\/et_pb_heading][et_pb_text _builder_version=&#8221;4.27.4&#8243; _module_preset=&#8221;default&#8221; hover_enabled=&#8221;0&#8243; global_colors_info=&#8221;{}&#8221; sticky_enabled=&#8221;0&#8243;]Dans ma premi\u00e8re vie professionnelle, j\u2019ai \u00e9t\u00e9 ing\u00e9nieur en architecture informatique (infographie &amp; syst\u00e8mes d\u2019information).<br \/>\nAujourd\u2019hui artisan, j\u2019aime renouveler sans cesse mes connaissances sur les nouvelles technologies et les techniques traditionnelles.<br \/>\nJe nourris ma curiosit\u00e9 au profit de l&#8217;am\u00e9nagement technique et esth\u00e9tique des int\u00e9rieurs. Je cultive aussi un int\u00e9r\u00eat pour les arts muraux num\u00e9riques et le mapping urbain. Gr\u00e2ce \u00e0 une pratique approfondie de l\u2019a\u00efkido, je d\u00e9veloppe une approche holistique de l\u2019habitation : la recherche d\u2019un \u00e9quilibre entre simplicit\u00e9, esth\u00e9tisme et confort.<br \/>\nJe suis agr\u00e9\u00e9  \u00ab Construire en chanvre \u00bb.[\/et_pb_text][\/et_pb_column][\/et_pb_row][et_pb_row _builder_version=&#8221;4.27.4&#8243; _module_preset=&#8221;default&#8221; column_structure=&#8221;2_3,1_3&#8243;][et_pb_column _builder_version=&#8221;4.27.4&#8243; _module_preset=&#8221;default&#8221; type=&#8221;2_3&#8243;][et_pb_text _builder_version=&#8221;4.27.4&#8243; _module_preset=&#8221;default&#8221; hover_enabled=&#8221;0&#8243; sticky_enabled=&#8221;0&#8243;]<\/p>\n<h3>PARTENARIAT &amp; COLLAB<\/h3>\n<p>[\/et_pb_text][et_pb_text _builder_version=&#8221;4.27.4&#8243; _module_preset=&#8221;default&#8221; hover_enabled=&#8221;0&#8243; sticky_enabled=&#8221;0&#8243;]<\/p>\n<p><span style=\"font-weight: 400;\">Des collaborateurs et collaboratrices op\u00e8rent r\u00e9guli\u00e8rement avec nous sur les chantiers, selon les besoins. Nous mutualisons une \u00e9quipe comptable et administrative avec nos coll\u00e8gues entrepreneurs et entrepreneures de la <\/span><b>SCOP Cabestan<\/b><span style=\"font-weight: 400;\">. Ce fonctionnement en SCOP nous permet aussi d\u2019\u00eatre en lien avec des d\u2019artisans et artisanes de diff\u00e9rents corps de m\u00e9tier.<\/span><\/p>\n<p>[\/et_pb_text][\/et_pb_column][et_pb_column _builder_version=&#8221;4.27.4&#8243; _module_preset=&#8221;default&#8221; type=&#8221;1_3&#8243;][\/et_pb_column][\/et_pb_row][et_pb_row _builder_version=&#8221;4.27.4&#8243; _module_preset=&#8221;default&#8221; column_structure=&#8221;2_3,1_3&#8243;][et_pb_column _builder_version=&#8221;4.27.4&#8243; _module_preset=&#8221;default&#8221; type=&#8221;2_3&#8243;][et_pb_text _builder_version=&#8221;4.27.4&#8243; _module_preset=&#8221;default&#8221; hover_enabled=&#8221;0&#8243; sticky_enabled=&#8221;0&#8243;]<\/p>\n<h3><span style=\"font-weight: 400;\">SAVOIR FAIRE<\/span><\/h3>\n<p>[\/et_pb_text][et_pb_text _builder_version=&#8221;4.27.4&#8243; _module_preset=&#8221;default&#8221; hover_enabled=&#8221;0&#8243; sticky_enabled=&#8221;0&#8243;]<span style=\"font-weight: 400;\">Notre expertise s\u2019appuie sur des connaissances approfondies des mat\u00e9riaux et des couleurs. Nous concevons les projets sur mesure, \u00e0 l\u2019\u00e9chelle du budget et de la sensibilit\u00e9 de <\/span><span style=\"font-weight: 400;\">nos clients et clientes<\/span><span style=\"font-weight: 400;\">. Selon les besoins de chaque projet, nous collaborons avec diff\u00e9rents sp\u00e9cialistes du b\u00e2timent et\/ou des arts d\u00e9coratifs.<\/span><\/p>\n<p><span style=\"font-weight: 400;\">Auto-construct<\/span><span style=\"font-weight: 400;\">eurs<\/span><span style=\"font-weight: 400;\"> de notre maison et de notre atelier \u00e0 Blanot, nous abordons notre m\u00e9tier avec les apports de la permaculture, de l\u2019analyse sensible des lieux et du partage des savoir-faire locaux.<\/span><\/p>\n<p><span style=\"font-weight: 400;\">La vari\u00e9t\u00e9 des chantiers r\u00e9alis\u00e9s ces derni\u00e8res ann\u00e9es nous a perm<\/span>is <span style=\"font-weight: 400;\">de d\u00e9velopper une sensibilit\u00e9 \u00e9cologique et durable pour le patrimoine b\u00e2ti.<\/span><\/p>\n<p><span style=\"font-weight: 400;\">Nous allions les techniques traditionnelles aux esth\u00e9tiques contemporaines. Notre culture artisanale s\u2019est aussi enrichie au-del\u00e0 de notre m\u00e9tier, au fil de visites de mus\u00e9es d\u2019art, de sites d\u2019arch\u00e9ologie, d\u2019observation urbaine de peintures murales et de graffiti, et de <\/span><span style=\"font-weight: 400;\">plusieurs<\/span><span style=\"font-weight: 400;\"> s\u00e9jours<\/span><span style=\"font-weight: 400;\"> familiaux<\/span><span style=\"font-weight: 400;\"> en<\/span><span style=\"font-weight: 400;\"> Inde, Turquie, Tha\u00eflande, Japon, et au Sri Lanka.<\/span>[\/et_pb_text][\/et_pb_column][et_pb_column _builder_version=&#8221;4.27.4&#8243; _module_preset=&#8221;default&#8221; type=&#8221;1_3&#8243;][\/et_pb_column][\/et_pb_row][\/et_pb_section]<\/p>\n","protected":false},"excerpt":{"rendered":"<p>Nous travaillons r\u00e9guli\u00e8rement dans les territoires du Clunisois, M\u00e2connais, Charolais, Tournugeois, Chalonnais, Beaujolais et en Bresse. Selon la nature des projets et la pertinence des collaborations, nous nous d\u00e9pla\u00e7ons dans la France enti\u00e8re et \u00e0 l&#8217;international (Suisse, Italie, \u00c9tats-Unis, Japon &#8230;).Laura Doll\u00e9 Bertossa et Thierry Bertossa sont les cofondateurs de l\u2019atelier. Nous sommes partenaires dans [&hellip;]<\/p>\n","protected":false},"author":1,"featured_media":0,"parent":0,"menu_order":0,"comment_status":"closed","ping_status":"closed","template":"","meta":{"_et_pb_use_builder":"on","_et_pb_old_content":"","_et_gb_content_width":"","footnotes":""},"class_list":["post-9","page","type-page","status-publish","hentry"],"yoast_head":"<!-- This site is optimized with the Yoast SEO plugin v24.9 - https:\/\/yoast.com\/wordpress\/plugins\/seo\/ -->\n<title>A propos - Atelier du chat orange<\/title>\n<meta name=\"robots\" content=\"index, follow, max-snippet:-1, max-image-preview:large, max-video-preview:-1\" \/>\n<link rel=\"canonical\" href=\"https:\/\/atelierduchatorange.com\/index.php\/about\/\" \/>\n<meta property=\"og:locale\" content=\"en_US\" \/>\n<meta property=\"og:type\" content=\"article\" \/>\n<meta property=\"og:title\" content=\"A propos - Atelier du chat orange\" \/>\n<meta property=\"og:description\" content=\"Nous travaillons r\u00e9guli\u00e8rement dans les territoires du Clunisois, M\u00e2connais, Charolais, Tournugeois, Chalonnais, Beaujolais et en Bresse. Selon la nature des projets et la pertinence des collaborations, nous nous d\u00e9pla\u00e7ons dans la France enti\u00e8re et \u00e0 l&#039;international (Suisse, Italie, \u00c9tats-Unis, Japon ...).Laura Doll\u00e9 Bertossa et Thierry Bertossa sont les cofondateurs de l\u2019atelier. Nous sommes partenaires dans [&hellip;]\" \/>\n<meta property=\"og:url\" content=\"https:\/\/atelierduchatorange.com\/index.php\/about\/\" \/>\n<meta property=\"og:site_name\" content=\"Atelier du chat orange\" \/>\n<meta property=\"article:publisher\" content=\"https:\/\/www.facebook.com\/atelierduchatorange\" \/>\n<meta property=\"article:modified_time\" content=\"2025-05-19T19:34:47+00:00\" \/>\n<meta property=\"og:image\" content=\"https:\/\/atelierduchatorange.com\/wp-content\/uploads\/2025\/04\/cropped-logo.png\" \/>\n\t<meta property=\"og:image:width\" content=\"512\" \/>\n\t<meta property=\"og:image:height\" content=\"512\" \/>\n\t<meta property=\"og:image:type\" content=\"image\/png\" \/>\n<meta name=\"twitter:card\" content=\"summary_large_image\" \/>\n<meta name=\"twitter:label1\" content=\"Est. reading time\" \/>\n\t<meta name=\"twitter:data1\" content=\"3 minutes\" \/>\n<script type=\"application\/ld+json\" class=\"yoast-schema-graph\">{\"@context\":\"https:\/\/schema.org\",\"@graph\":[{\"@type\":\"WebPage\",\"@id\":\"https:\/\/atelierduchatorange.com\/index.php\/about\/\",\"url\":\"https:\/\/atelierduchatorange.com\/index.php\/about\/\",\"name\":\"A propos - Atelier du chat orange\",\"isPartOf\":{\"@id\":\"https:\/\/atelierduchatorange.com\/#website\"},\"datePublished\":\"2025-04-17T09:59:14+00:00\",\"dateModified\":\"2025-05-19T19:34:47+00:00\",\"breadcrumb\":{\"@id\":\"https:\/\/atelierduchatorange.com\/index.php\/about\/#breadcrumb\"},\"inLanguage\":\"en-US\",\"potentialAction\":[{\"@type\":\"ReadAction\",\"target\":[\"https:\/\/atelierduchatorange.com\/index.php\/about\/\"]}]},{\"@type\":\"BreadcrumbList\",\"@id\":\"https:\/\/atelierduchatorange.com\/index.php\/about\/#breadcrumb\",\"itemListElement\":[{\"@type\":\"ListItem\",\"position\":1,\"name\":\"Home\",\"item\":\"https:\/\/atelierduchatorange.com\/\"},{\"@type\":\"ListItem\",\"position\":2,\"name\":\"A propos\"}]},{\"@type\":\"WebSite\",\"@id\":\"https:\/\/atelierduchatorange.com\/#website\",\"url\":\"https:\/\/atelierduchatorange.com\/\",\"name\":\"Atelier du chat orange\",\"description\":\"L&#039;Atelier du chat orange pratique le savoir-faire artisanal du peintre en d\u00e9cor. Il travaille pour des clients d\u00e9sireux que soient ex\u00e9cut\u00e9s sur mesure des ouvrages de hautes qualit\u00e9s techniques, esth\u00e9tiques et \u00e9cologiques.\",\"publisher\":{\"@id\":\"https:\/\/atelierduchatorange.com\/#organization\"},\"alternateName\":\"Atelier de peintre en d\u00e9cor\",\"potentialAction\":[{\"@type\":\"SearchAction\",\"target\":{\"@type\":\"EntryPoint\",\"urlTemplate\":\"https:\/\/atelierduchatorange.com\/?s={search_term_string}\"},\"query-input\":{\"@type\":\"PropertyValueSpecification\",\"valueRequired\":true,\"valueName\":\"search_term_string\"}}],\"inLanguage\":\"en-US\"},{\"@type\":\"Organization\",\"@id\":\"https:\/\/atelierduchatorange.com\/#organization\",\"name\":\"Atelier du chat orange | Cabestan\",\"url\":\"https:\/\/atelierduchatorange.com\/\",\"logo\":{\"@type\":\"ImageObject\",\"inLanguage\":\"en-US\",\"@id\":\"https:\/\/atelierduchatorange.com\/#\/schema\/logo\/image\/\",\"url\":\"https:\/\/atelierduchatorange.com\/wp-content\/uploads\/2025\/04\/cropped-logo.png\",\"contentUrl\":\"https:\/\/atelierduchatorange.com\/wp-content\/uploads\/2025\/04\/cropped-logo.png\",\"width\":512,\"height\":512,\"caption\":\"Atelier du chat orange | Cabestan\"},\"image\":{\"@id\":\"https:\/\/atelierduchatorange.com\/#\/schema\/logo\/image\/\"},\"sameAs\":[\"https:\/\/www.facebook.com\/atelierduchatorange\",\"http:\/\/instagram.com\/atelierduchatorange\/\"]}]}<\/script>\n<!-- \/ Yoast SEO plugin. -->","yoast_head_json":{"title":"A propos - Atelier du chat orange","robots":{"index":"index","follow":"follow","max-snippet":"max-snippet:-1","max-image-preview":"max-image-preview:large","max-video-preview":"max-video-preview:-1"},"canonical":"https:\/\/atelierduchatorange.com\/index.php\/about\/","og_locale":"en_US","og_type":"article","og_title":"A propos - Atelier du chat orange","og_description":"Nous travaillons r\u00e9guli\u00e8rement dans les territoires du Clunisois, M\u00e2connais, Charolais, Tournugeois, Chalonnais, Beaujolais et en Bresse. Selon la nature des projets et la pertinence des collaborations, nous nous d\u00e9pla\u00e7ons dans la France enti\u00e8re et \u00e0 l'international (Suisse, Italie, \u00c9tats-Unis, Japon ...).Laura Doll\u00e9 Bertossa et Thierry Bertossa sont les cofondateurs de l\u2019atelier. Nous sommes partenaires dans [&hellip;]","og_url":"https:\/\/atelierduchatorange.com\/index.php\/about\/","og_site_name":"Atelier du chat orange","article_publisher":"https:\/\/www.facebook.com\/atelierduchatorange","article_modified_time":"2025-05-19T19:34:47+00:00","og_image":[{"width":512,"height":512,"url":"https:\/\/atelierduchatorange.com\/wp-content\/uploads\/2025\/04\/cropped-logo.png","type":"image\/png"}],"twitter_card":"summary_large_image","twitter_misc":{"Est. reading time":"3 minutes"},"schema":{"@context":"https:\/\/schema.org","@graph":[{"@type":"WebPage","@id":"https:\/\/atelierduchatorange.com\/index.php\/about\/","url":"https:\/\/atelierduchatorange.com\/index.php\/about\/","name":"A propos - Atelier du chat orange","isPartOf":{"@id":"https:\/\/atelierduchatorange.com\/#website"},"datePublished":"2025-04-17T09:59:14+00:00","dateModified":"2025-05-19T19:34:47+00:00","breadcrumb":{"@id":"https:\/\/atelierduchatorange.com\/index.php\/about\/#breadcrumb"},"inLanguage":"en-US","potentialAction":[{"@type":"ReadAction","target":["https:\/\/atelierduchatorange.com\/index.php\/about\/"]}]},{"@type":"BreadcrumbList","@id":"https:\/\/atelierduchatorange.com\/index.php\/about\/#breadcrumb","itemListElement":[{"@type":"ListItem","position":1,"name":"Home","item":"https:\/\/atelierduchatorange.com\/"},{"@type":"ListItem","position":2,"name":"A propos"}]},{"@type":"WebSite","@id":"https:\/\/atelierduchatorange.com\/#website","url":"https:\/\/atelierduchatorange.com\/","name":"Atelier du chat orange","description":"L&#039;Atelier du chat orange pratique le savoir-faire artisanal du peintre en d\u00e9cor. Il travaille pour des clients d\u00e9sireux que soient ex\u00e9cut\u00e9s sur mesure des ouvrages de hautes qualit\u00e9s techniques, esth\u00e9tiques et \u00e9cologiques.","publisher":{"@id":"https:\/\/atelierduchatorange.com\/#organization"},"alternateName":"Atelier de peintre en d\u00e9cor","potentialAction":[{"@type":"SearchAction","target":{"@type":"EntryPoint","urlTemplate":"https:\/\/atelierduchatorange.com\/?s={search_term_string}"},"query-input":{"@type":"PropertyValueSpecification","valueRequired":true,"valueName":"search_term_string"}}],"inLanguage":"en-US"},{"@type":"Organization","@id":"https:\/\/atelierduchatorange.com\/#organization","name":"Atelier du chat orange | Cabestan","url":"https:\/\/atelierduchatorange.com\/","logo":{"@type":"ImageObject","inLanguage":"en-US","@id":"https:\/\/atelierduchatorange.com\/#\/schema\/logo\/image\/","url":"https:\/\/atelierduchatorange.com\/wp-content\/uploads\/2025\/04\/cropped-logo.png","contentUrl":"https:\/\/atelierduchatorange.com\/wp-content\/uploads\/2025\/04\/cropped-logo.png","width":512,"height":512,"caption":"Atelier du chat orange | Cabestan"},"image":{"@id":"https:\/\/atelierduchatorange.com\/#\/schema\/logo\/image\/"},"sameAs":["https:\/\/www.facebook.com\/atelierduchatorange","http:\/\/instagram.com\/atelierduchatorange\/"]}]}},"_links":{"self":[{"href":"https:\/\/atelierduchatorange.com\/index.php\/wp-json\/wp\/v2\/pages\/9","targetHints":{"allow":["GET"]}}],"collection":[{"href":"https:\/\/atelierduchatorange.com\/index.php\/wp-json\/wp\/v2\/pages"}],"about":[{"href":"https:\/\/atelierduchatorange.com\/index.php\/wp-json\/wp\/v2\/types\/page"}],"author":[{"embeddable":true,"href":"https:\/\/atelierduchatorange.com\/index.php\/wp-json\/wp\/v2\/users\/1"}],"replies":[{"embeddable":true,"href":"https:\/\/atelierduchatorange.com\/index.php\/wp-json\/wp\/v2\/comments?post=9"}],"version-history":[{"count":20,"href":"https:\/\/atelierduchatorange.com\/index.php\/wp-json\/wp\/v2\/pages\/9\/revisions"}],"predecessor-version":[{"id":327,"href":"https:\/\/atelierduchatorange.com\/index.php\/wp-json\/wp\/v2\/pages\/9\/revisions\/327"}],"wp:attachment":[{"href":"https:\/\/atelierduchatorange.com\/index.php\/wp-json\/wp\/v2\/media?parent=9"}],"curies":[{"name":"wp","href":"https:\/\/api.w.org\/{rel}","templated":true}]}}